ctors of 3464223.
3, 7, 164963
List the prime factors of 156849.
3, 7, 11, 97
What are the prime factors of 626535?
3, 5, 7, 13, 17
What are the prime factors of 1656260?
2, 5, 82813
List the prime factors of 193780.
2, 5, 9689
List the prime factors of 11134213.
11134213
List the prime factors of 1046717.
7, 149531
What are the prime factors of 166717?
293, 569
What are the prime factors of 179008?
2, 2797
List the prime factors of 12748613.
97, 167, 787
What are the prime factors of 282688?
2, 7, 631
List the prime factors of 1218361.
761, 1601
List the prime factors of 379692.
2, 3, 53, 199
What are the prime factors of 230723?
47, 4909
What are the prime factors of 242478?
2, 3, 19, 709
What are the prime factors of 4698166?
2, 11, 213553
What are the prime factors of 18037902?
2, 3, 3006317
List the prime factors of 12705048.
2, 3, 176459
List the prime factors of 28506.
2, 3, 4751
What are the prime factors of 12966898?
2, 7, 193, 4799
List the prime factors of 33391374.
2, 3, 5565229
List the prime factors of 1211587.
13, 93199
What are the prime factors of 938023?
938023
What are the prime factors of 675215?
5, 135043
List the prime factors of 210153.
3, 70051
What are the prime factors of 16497285?
3, 5, 7, 59, 2663
List the prime factors of 7649440.
2, 5, 47809
List the prime factors of 204813.
3, 7, 3251
List the prime factors of 40353.
3, 13451
What are the prime factors of 5857377?
3, 19, 102761
What are the prime factors of 155616?
2, 3, 1621
What are the prime factors of 195502?
2, 239, 409
What are the prime factors of 121427?
31, 3917
List the prime factors of 416460.
2, 3, 5, 11, 631
List the prime factors of 27127256.
2, 13, 59, 4421
List the prime factors of 405916.
2, 7, 19, 109
What are the prime factors of 227226?
2, 3, 37871
List the prime factors of 7784979.
3, 101, 25693
List the prime factors of 145588.
2, 17, 2141
What are the prime factors of 112668?
2, 3, 41, 229
List the prime factors of 109323.
3, 4049
List the prime factors of 6153027.
3, 563, 3643
What are the prime factors of 9114661?
19, 547, 877
What are the prime factors of 2834862?
2, 3, 472477
List the prime factors of 2192906.
2, 71, 15443
List the prime factors of 3277554.
2, 3, 7, 73, 1069
What are the prime factors of 415241?
617, 673
What are the prime factors of 46215?
3, 5, 13, 79
What are the prime factors of 1012413?
3, 41, 8231
What are the prime factors of 31808862?
2, 3, 23, 8537
List the prime factors of 25250.
2, 5, 101
List the prime factors of 362033.
7, 51719
What are the prime factors of 227575?
5, 9103
List the prime factors of 3503296.
2, 19, 43, 67
List the prime factors of 570686.
2, 285343
What are the prime factors of 549378?
2, 3, 23, 1327
What are the prime factors of 137875?
5, 1103
List the prime factors of 141625.
5, 11, 103
List the prime factors of 6234695.
5, 373, 3343
What are the prime factors of 160534?
2, 11, 7297
List the prime factors of 104685.
3, 5, 7, 997
What are the prime factors of 9332809?
29, 321821
What are the prime factors of 402274?
2, 197, 1021
What are the prime factors of 3729778?
2, 13, 167, 859
What are the prime factors of 350722?
2, 175361
What are the prime factors of 542474?
2, 29, 47, 199
List the prime factors of 522062.
2, 261031
What are the prime factors of 20529249?
3, 13, 526391
List the prime factors of 2031496.
2, 253937
List the prime factors of 126812.
2, 7, 647
What are the prime factors of 225583?
225583
List the prime factors of 154644.
2, 3, 7, 263
List the prime factors of 739883.
457, 1619
What are the prime factors of 2463389?
67, 36767
List the prime factors of 336599.
336599
What are the prime factors of 2619076?
2, 563, 1163
What are the prime factors of 60479?
197, 307
What are the prime factors of 5895235?
5, 1179047
What are the prime factors of 5712633?
3, 173, 1223
List the prime factors of 265743.
3, 29527
What are the prime factors of 716664?
2, 3, 13, 2297
What are the prime factors of 658047?
3, 13, 47, 359
List the prime factors of 5958619.
17, 269, 1303
What are the prime factors of 1118821?
11, 17, 31, 193
List the prime factors of 21441572.
2, 5360393
List the prime factors of 203446.
2, 101723
List the prime factors of 23326.
2, 107, 109
List the prime factors of 6429748.
2, 13, 53, 2333
List the prime factors of 181391.
7, 25913
List the prime factors of 26077948.
2, 13, 659, 761
List the prime factors of 119426.
2, 211, 283
What are the prime factors of 4311380?
2, 5, 73, 2953
List the prime factors of 2654644.
2, 663661
List the prime factors of 1201203.
3, 17, 2617
What are the prime factors of 4041602?
2, 83, 97, 251
What are the prime factors of 10528517?
47, 224011
What are the prime factors of 107363?
101, 1063
List the prime factors of 14010278.
2, 17, 412067
List the prime factors of 796519.
419, 1901
What are the prime factors of 23882384?
2, 1492649
List the prime factors of 12887567.
7, 11, 19, 23, 383
What are the prime factors of 161648?
2, 10103
What are the prime factors of 74165?
5, 7, 13, 163
List the prime factors of 16491740.
2, 5, 233, 3539
What are the prime factors of 3064437?
3, 17, 20029
What are the prime factors of 32659?
11, 2969
List the prime factors of 1924060.
2, 5, 17, 5659
List the prime factors of 1763720.
2, 5, 7, 6299
List the prime factors of 197529.
3, 65843
What are the prime factors of 4109276?
2, 1027319
What are the prime factors of 2118187?
2118187
List the prime factors of 3592163.
23, 47, 3323
List the prime factors of 19121773.
11, 1738343
List the prime factors of 3321300.
2, 3, 5, 11071
List the prime factors of 4741832.
2, 457, 1297
List the prime factors of 1112342.
2, 7, 11, 31, 233
What are the prime factors of 31938?
2, 3, 5323
List the prime factors of 2353296.
2, 3, 11, 4457
What are the prime factors of 56740?
2, 5, 2837
List the prime factors of 14943924.
2, 3, 415109
What are the prime factors of 617659?
7, 88237
List the prime factors of 992887.
7, 23, 881
What are the prime factors of 2144111?
461, 4651
What are the prime factors of 514863?
3, 19069
What are the prime factors of 289392?
2, 3, 6029
What are the prime factors of 6317914?
2, 17, 185821
List the prime factors of 272803.
23, 29, 409
What are the prime factors of 1524790?
2, 5, 41, 3719
List the prime factors of 54796.
2, 7, 19, 103
What are the prime factors of 188862?
2, 3, 31477
List the prime factors of 38101565.
5, 83, 91811
List the prime factors of 2940547.
103, 28549
What are the prime factors of 10544?
2, 659
List the prime factors of 1288272.
2, 3, 26839
List the prime factors of 256408.
2, 32051
What are the prime factors of 679989?
3, 226663
List the prime factors of 33469844.
2, 283, 29567
What are the prime factors of 483440?
2, 5, 6043
What are the prime factors of 10092128?
2, 173, 1823
What are the prime factors of 10810710?
2, 3, 5, 113, 1063
What are the prime factors of 7042504?
2, 7, 67, 1877
List the prime factors of 8346091.
13, 181, 3547
List the prime factors of 124756.
2, 31189
List the prime factors of 110434.
2, 55217
List the prime factors of 1043665.
5, 7, 29819
List the prime factors of 1835034.
2, 3, 305839
What are the prime factors of 833524?
2, 191, 1091
List the prime factors of 1097011.
83, 13217
What are the prime factors of 673669?
673669
What are the prime factors of 11576207?
53, 218419
List the prime factors of 32900.
2, 5, 7, 47
What are the prime factors of 478180?
2, 5, 23909
What are the prime factors of 114711?
3, 38237
List the prime factors of 8625403.
37, 113, 2063
What are the prime factors of 1705495?
5, 11, 2819
List the prime factors of 100682.
2, 50341
List the prime factors of 681956.
2, 11, 1409
What are the prime factors of 460405?
5, 11, 761
List the prime factors of 3966891.
3, 53, 61, 409
What are the prime factors of 28319823?
3, 7, 19, 59, 401
List the prime factors of 6260319.
3, 13, 53507
What are the prime factors of 7184458?
2, 61, 58889
What are the prime factors of 161467?
61, 2647
What are the prime factors of 348187?
7, 49741
List the prime factors of 16774.
2, 8387
List the prime factors of 1663042.
2, 17, 41, 1193
List the prime factors of 56299.
56299
List the prime factors of 10932552.
2, 3, 151841
What are the prime factors of 10996204?
2, 1061, 2591
List the p